{"id":11502,"date":"2019-03-21T15:20:48","date_gmt":"2019-03-21T20:20:48","guid":{"rendered":"https:\/\/cerladivinaesperanza.edu.co\/web\/?page_id=11502"},"modified":"2024-04-04T16:59:15","modified_gmt":"2024-04-04T21:59:15","slug":"nuestro-colegio","status":"publish","type":"page","link":"https:\/\/cerladivinaesperanza.edu.co\/web\/nuestro-colegio\/","title":{"rendered":"Nuestro Colegio"},"content":{"rendered":"<div class=\"wpb-content-wrapper\"><p>[vc_row][vc_column]<div class=\"thim-widget-heading template-base\"><div class=\"sc_heading  text-center\"><h3 style=\"font-size:35px;font-weight:600;\" class=\"title\">Informaci\u00f3n <strong>Institucional<\/strong><\/h3><\/div><\/div>[\/vc_column][\/vc_row][vc_row css=\u00bb.vc_custom_1559531433775{margin-bottom: 15px !important;}\u00bb][vc_column width=\u00bb5\/12&#8243; css=\u00bb.vc_custom_1553219212365{margin-bottom: 30px !important;}\u00bb][vc_column_text]<\/p>\n<h3 class=\"thim-text-title\">Misi\u00f3n<\/h3>\n<p><span style=\"font-weight: 400;\">La instituci\u00f3n educativa orienta una educaci\u00f3n integral e inclusiva en el desarrollo de competencias, fomentando el amor, el sentido de pertenencia con su entorno, la paz y la reconciliaci\u00f3n. <\/span>[\/vc_column_text][\/vc_column][vc_column width=\u00bb7\/12&#8243; css=\u00bb.vc_custom_1553219224890{margin-bottom: 30px !important;}\u00bb][vc_column_text]<\/p>\n<h3 class=\"thim-text-title\">Visi\u00f3n<\/h3>\n<p><span style=\"font-weight: 400;\">En el a\u00f1o 2027 la instituci\u00f3n Educativa Rural la Divina Esperanza contar\u00e1 con educaci\u00f3n agropecuaria e inclusiva de calidad, que garantice a la sociedad un ser integral e innovador, competente en todas las dimensiones formando en valores y con sentido de pertenencia por la regi\u00f3n.\u00a0<\/span>[\/vc_column_text][\/vc_column][\/vc_row][vc_row][vc_column][vc_tta_tabs][vc_tta_section title=\u00bbOBJETIVOS Y VALORES\u00bb tab_id=\u00bb1553201553639-a4a157b2-0618&#8243;][vc_column_text]<\/p>\n<h3 class=\"thim-text-title\">Objetivos Institucionales<\/h3>\n<ul class=\"thim-list-content\">\n<li style=\"list-style-type: none;\">\n<ul>\n<li aria-level=\"1\"><span style=\"font-weight: 400;\">Formar al educando con capacidad de asumir con responsabilidad y autonom\u00eda los nuevos retos que est\u00e1 expuesto a enfrentar cada d\u00eda respetando sus derechos y deberes.<\/span><\/li>\n<\/ul>\n<ul>\n<li aria-level=\"1\"><span style=\"font-weight: 400;\">Propiciar una educaci\u00f3n integral e inclusiva.<\/span><\/li>\n<\/ul>\n<ul>\n<li aria-level=\"1\"><span style=\"font-weight: 400;\">Fomentar en la instituci\u00f3n educativa, pr\u00e1cticas democr\u00e1ticas para el aprendizaje de los principios y valores de la participaci\u00f3n y organizaci\u00f3n ciudadana.<\/span><\/li>\n<\/ul>\n<ul>\n<li aria-level=\"1\"><span style=\"font-weight: 400;\">Crear conciencia educativa para el esfuerzo, el liderazgo y el trabajo.<\/span><\/li>\n<\/ul>\n<ul>\n<li aria-level=\"1\"><span style=\"font-weight: 400;\">Fortalecer los procesos educativos con la aplicaci\u00f3n de las nuevas tecnolog\u00edas de la comunicaci\u00f3n (TIC).<\/span><\/li>\n<\/ul>\n<ul>\n<li aria-level=\"1\"><span style=\"font-weight: 400;\">Fortalecer los aprendizajes de los estudiantes de la instituci\u00f3n educativa en lectura y escritura teniendo como base (PNLE) PLAN NACIONAL DE LECTURA Y ESCRITURA.<\/span><\/li>\n<\/ul>\n<ul>\n<li aria-level=\"1\"><span style=\"font-weight: 400;\">Fortalecer las pr\u00e1cticas de aula mediante procesos de formaci\u00f3n y capacitaci\u00f3n docente.\u00a0<\/span><\/li>\n<\/ul>\n<ul>\n<li aria-level=\"1\"><span style=\"font-weight: 400;\">Orientar el trabajo productivo que incorpore escenarios econ\u00f3micos en la construcci\u00f3n del aprendizaje de los j\u00f3venes.<\/span><\/li>\n<\/ul>\n<\/li>\n<\/ul>\n<p>&nbsp;<\/p>\n<p>[\/vc_column_text][\/vc_tta_section][vc_tta_section title=\u00bbFILOSOF\u00cdA Y PRINCIPIOS\u00bb tab_id=\u00bb1553201553661-4cb8a9a4-11b5&#8243;][vc_column_text]<\/p>\n<h3 class=\"thim-text-title\">Filosof\u00eda y Principios Institucionales<\/h3>\n<p>La Filosof\u00eda de la Instituci\u00f3n &#8230;<\/p>\n<ul class=\"thim-list-content\">\n<li><strong>La Cultura, La Ciencia y la Tecnolog\u00eda <\/strong><\/li>\n<\/ul>\n<p>Proyecto Transversal.<\/p>\n<ul class=\"thim-list-content\">\n<li><strong>La Democracia, Ciudadan\u00eda y el Respeto por la Diversidad y la Vida<\/strong><\/li>\n<\/ul>\n<p>Ciencias Sociales, \u00c9tica, Religi\u00f3n.<\/p>\n<ul class=\"thim-list-content\">\n<li><strong>El Cuidado del Ambiente y el Respeto por los Derechos de los Animales<\/strong><\/li>\n<\/ul>\n<p>Ciencias Naturales, Ciencias Sociales, \u00c9tica y Valores, Educaci\u00f3n Religiosa.[\/vc_column_text][\/vc_tta_section][vc_tta_section title=\u00bbPOL\u00cdTICA Y OBJETIVOS DE CALIDAD\u00bb tab_id=\u00bb1553202116208-8d028f78-28a5&#8243;][vc_column_text]<\/p>\n<h3 class=\"thim-text-title\">Pol\u00edtica de Calidad<\/h3>\n<p>La Instituci\u00f3n Ovy&#8230;<\/p>\n<h3 class=\"thim-text-title\">Objetivos de Calidad<\/h3>\n<ul class=\"thim-list-content\">\n<li>Requisitos y necesidades de los usuarios<\/li>\n<\/ul>\n<p>[\/vc_column_text][\/vc_tta_section][vc_tta_section title=\u00bbENFOQUE PEDAG\u00d3GICO\u00bb tab_id=\u00bb1553203450656-a52e943b-1e54&#8243;][vc_column_text]<\/p>\n<h3 class=\"thim-text-title\">Enfoque Pedag\u00f3gico<\/h3>\n<p><span style=\"font-weight: 400;\">La propuesta pedag\u00f3gica de la Instituci\u00f3n Educativa rural La Divina Esperanza, est\u00e1 basada modelos pedag\u00f3gicos como: el cognitivismo, educaci\u00f3n activa, constructivismo y aprendizaje significativo en donde el estudiante aprende haciendo y construye su propio conocimiento a trav\u00e9s de la experiencia; tambi\u00e9n tenemos en cuenta los aportes realizados por Piaget y Vygotsky sobre los procesos de asimilaci\u00f3n y acomodaci\u00f3n que ayudan a evolucionar el pensamiento.<\/span>[\/vc_column_text][\/vc_tta_section][\/vc_tta_tabs][\/vc_column][\/vc_row][vc_row css=\u00bb.vc_custom_1559532503179{background-color: #95c5f4 !important;}\u00bb][vc_column][vc_row_inner][vc_column_inner]<div class=\"thim-widget-heading template-base\"><div class=\"sc_heading  text-center\"><h3 class=\"title\"><strong>Himno<\/strong> Institucional<\/h3><span class=\"line\"><\/span><\/div><\/div>[\/vc_column_inner][\/vc_row_inner][vc_row_inner][vc_column_inner width=\u00bb1\/3&#8243;]<div class=\"thim-widget-heading template-base\"><div class=\"sc_heading  text-center\"><h3 class=\"title\">CORO<\/h3><span class=\"line\"><\/span><\/div><\/div>[vc_column_text]<\/p>\n<div style=\"text-align: center;\">\n<p><span style=\"font-weight: 400;\">Con el ritmo del alma entonemos<\/span><\/p>\n<p><span style=\"font-weight: 400;\">Nuestro himno de amor y paz<\/span><\/p>\n<p><span style=\"font-weight: 400;\">(Instituci\u00f3n la divina esperanza<\/span><\/p>\n<p><span style=\"font-weight: 400;\">De mi vida siempre ser\u00e1s mi cantar) (bis)<\/span><\/p>\n<\/div>\n<div style=\"text-align: center;\"><\/div>\n<p>[\/vc_column_text]<div class=\"thim-widget-heading template-base\"><div class=\"sc_heading  text-center\"><h3 class=\"title\">III<\/h3><span class=\"line\"><\/span><\/div><\/div>[vc_column_text]<span style=\"font-weight: 400;\">Multiuniverso existe y es la mente<\/span><\/p>\n<p><span style=\"font-weight: 400;\">Que complacida muestra realidad<\/span><\/p>\n<p><span style=\"font-weight: 400;\">y fascinante el camino que intentes<\/span><\/p>\n<p><span style=\"font-weight: 400;\">Que dar\u00e1 a su nombre honor y lealtad.<\/span>[\/vc_column_text][\/vc_column_inner][vc_column_inner width=\u00bb1\/3&#8243;]<div class=\"thim-widget-heading template-base\"><div class=\"sc_heading  text-center\"><h3 class=\"title\">I<\/h3><span class=\"line\"><\/span><\/div><\/div>[vc_column_text]<span style=\"font-weight: 400;\">Educaci\u00f3n, formaci\u00f3n y talento<\/span><\/p>\n<p><span style=\"font-weight: 400;\">Siempre inspiras cuando vengo a ti<\/span><\/p>\n<p><span style=\"font-weight: 400;\">y en sus aulas se forma para siempre\u00a0<\/span><\/p>\n<p><span style=\"font-weight: 400;\">Un gran futuro brillante y feliz.<\/span>[\/vc_column_text]<div class=\"thim-widget-heading template-base\"><div class=\"sc_heading  text-center\"><h3 class=\"title\">IV<\/h3><span class=\"line\"><\/span><\/div><\/div>[vc_column_text]<span style=\"font-weight: 400;\">Con amor, virtud y alegr\u00eda<\/span><\/p>\n<p><span style=\"font-weight: 400;\">Empoderada siempre ser lo mejor<\/span><\/p>\n<p><span style=\"font-weight: 400;\">En mi dulce campo sembrador de vida<\/span><\/p>\n<p><span style=\"font-weight: 400;\">Que adornen sus tardes su luz de arrebol.<\/span>[\/vc_column_text][\/vc_column_inner][vc_column_inner width=\u00bb1\/3&#8243;]<div class=\"thim-widget-heading template-base\"><div class=\"sc_heading  text-center\"><h3 class=\"title\">II<\/h3><span class=\"line\"><\/span><\/div><\/div>[vc_column_text]<span style=\"font-weight: 400;\">Sus maestros muestran el camino<\/span><\/p>\n<p><span style=\"font-weight: 400;\">Por ti sue\u00f1o mi vida realizar<\/span><\/p>\n<p><span style=\"font-weight: 400;\">Y el Dios grande en saber me hace digno<\/span><\/p>\n<p><span style=\"font-weight: 400;\">Para siempre mi meta alcanzar.<\/span>[\/vc_column_text]<div class=\"thim-widget-heading template-base\"><div class=\"sc_heading  text-center\"><h3 class=\"title\">V<\/h3><span class=\"line\"><\/span><\/div><\/div>[vc_column_text]<span style=\"font-weight: 400;\">Son los sue\u00f1os que al hombre hacen grande<\/span><\/p>\n<p><span style=\"font-weight: 400;\">Con su magia prodigio y valor<\/span><\/p>\n<p><span style=\"font-weight: 400;\">y es para m\u00ed un honor apreciable<\/span><\/p>\n<p><span style=\"font-weight: 400;\">Resaltar la imagen de mi Instituci\u00f3n.<\/span>[\/vc_column_text][\/vc_column_inner][\/vc_row_inner][\/vc_column][\/vc_row]<\/p>\n<\/div>","protected":false},"excerpt":{"rendered":"<p>[vc_row][vc_column][\/vc_column][\/vc_row][vc_row css=\u00bb.vc_custom_1559531433775{margin-bottom: 15px !important;}\u00bb][vc_column width=\u00bb5\/12&#8243; css=\u00bb.vc_custom_1553219212365{margin-bottom: 30px !important;}\u00bb][vc_column_text] Misi\u00f3n La instituci\u00f3n educativa orienta una educaci\u00f3n integral e inclusiva en el desarrollo de competencias, fomentando el amor, el sentido de pertenencia con su entorno, la paz y la reconciliaci\u00f3n. [\/vc_column_text][\/vc_column][vc_column width=\u00bb7\/12&#8243; &hellip; <\/p>\n","protected":false},"author":1,"featured_media":0,"parent":0,"menu_order":0,"comment_status":"closed","ping_status":"closed","template":"","meta":{"footnotes":""},"class_list":["post-11502","page","type-page","status-publish","hentry"],"_links":{"self":[{"href":"https:\/\/cerladivinaesperanza.edu.co\/web\/wp-json\/wp\/v2\/pages\/11502","targetHints":{"allow":["GET"]}}],"collection":[{"href":"https:\/\/cerladivinaesperanza.edu.co\/web\/wp-json\/wp\/v2\/pages"}],"about":[{"href":"https:\/\/cerladivinaesperanza.edu.co\/web\/wp-json\/wp\/v2\/types\/page"}],"author":[{"embeddable":true,"href":"https:\/\/cerladivinaesperanza.edu.co\/web\/wp-json\/wp\/v2\/users\/1"}],"replies":[{"embeddable":true,"href":"https:\/\/cerladivinaesperanza.edu.co\/web\/wp-json\/wp\/v2\/comments?post=11502"}],"version-history":[{"count":3,"href":"https:\/\/cerladivinaesperanza.edu.co\/web\/wp-json\/wp\/v2\/pages\/11502\/revisions"}],"predecessor-version":[{"id":11818,"href":"https:\/\/cerladivinaesperanza.edu.co\/web\/wp-json\/wp\/v2\/pages\/11502\/revisions\/11818"}],"wp:attachment":[{"href":"https:\/\/cerladivinaesperanza.edu.co\/web\/wp-json\/wp\/v2\/media?parent=11502"}],"curies":[{"name":"wp","href":"https:\/\/api.w.org\/{rel}","templated":true}]}}